20*o + 6. Let i be d(17). What is the greatest common factor of i and 19?
19
Suppose -16 = -3*c + 3*r - 1, 0 = -c - 5*r + 5. What is the highest common divisor of 45 and c?
5
Suppose s = -0 - 2. Let r be -3 - -3 - (-4 - s). Let h be (4/(-5))/((-6)/60). Calculate the greatest common divisor of h and r.
2
Suppose 2*q - 20 = -2*q. Let g = -1 - -3. Let x = g - -3. Calculate the greatest common divisor of q and x.
5
Let u(h) = h**3 - 4*h - 1. Suppose -5*p + 6 = -3*p. Let o be u(p). Let a be (6/4)/((-6)/(-8)). Calculate the greatest common factor of o and a.
2
Let x(i) = -i + 11. Let c be x(0). Let t = 12 - c. Calculate the greatest common factor of 2 and t.
1
Suppose 3*x + 33 = -5*o + 8*o, o - 5 = 4*x. Let u(w) = -3*w**3 - w**2 + 3*w + 2. Let f be u(-3). Calculate the greatest common divisor of f and o.
13
Let p = 265 - 145. Calculate the greatest common divisor of 15 and p.
15
Suppose 8*w - 3*w + s - 25 = 0, 3*w - 15 = -2*s. Let p be (w/10)/(1/26). Calculate the greatest common factor of 13 and p.
13
Let l = 53 - 26. Suppose 2*t + 2*t = 756. What is the greatest common factor of t and l?
27
Let s(u) = u**2 + 4*u - 10. Let d = 7 - 5. Let k = -5 - d. Let p be s(k). Calculate the greatest common divisor of p and 44.
11
Let g(d) = -d**2 - 4. Let x be g(-6). Let f = -27 - x. Let a = -88 + 153. Calculate the highest common divisor of f and a.
13
Suppose -64 = -5*w + 4*v, -3 = -4*w - v + 44. Let a = -28 + 88. What is the highest common factor of w and a?
12
Suppose -s - 170 = -5*s + 2*v, 2*s - 110 = -4*v. Suppose 85 = 5*d + 5*p, -2*p - s = -5*d + 3*p. Calculate the greatest common factor of 52 and d.
13
Let u be 3 - (-8 + -4 + 6). Calculate the highest common factor of u and 9.
9
Let p be (-1)/6*-3*2. What is the greatest common divisor of 5 and p?
1
Let r be 3 - (-3 + 6 - 3). Suppose -r*b + 24 = -0*b. Calculate the greatest common divisor of 16 and b.
8
Let k = 99 - 67. Calculate the highest common factor of 80 and k.
16
Suppose 5*r + 1045 = 5*v - 0*r, -r = 3*v - 631. What is the greatest common divisor of v and 30?
30
Let o be 37 + (0 - -1) + 0. Let v(b) = -b**3 - 8*b**2 - 2*b + 3. Let a be v(-8). Calculate the highest common divisor of o and a.
19
Suppose t - 5 - 1 = 0. Let s = -9 - -13. What is the highest common factor of s and t?
2
Let s(y) = -32*y**3 + y**2 + 2*y + 2. Let m be s(-1). Calculate the greatest common factor of 11 and m.
11
Suppose 3*f - m = 7, m + 10 = 5*f - 3. Suppose f*s - 2 = -5. Let o(q) = -16*q**3 - 2*q**2 + 1. Let j be o(s). What is the greatest common divisor of j and 6?
3
Suppose 0*m + 48 = 4*m. Suppose -6*j = -406 - 386. Calculate the highest common divisor of j and m.
12
Let u(l) = 2*l + 12. Let h be u(16). Let k be (6/5)/((-1)/(-55)). What is the greatest common divisor of h and k?
22
Let y(s) = 2*s - 4 - 4*s**2 + 5*s**2 + 0*s**2. Let t be y(-5). Calculate the greatest common factor of 77 and t.
11
Suppose 2*r = 5*w - 1328, -6*w + 2*w = 5*r - 1036. What is the greatest common factor of 24 and w?
24
Suppose -4*t = 2*s - 216, s = -4*s - 20. What is the highest common factor of 14 and t?
14
Let q(o) = o + 1. Let f be q(-1). Let l be (-1)/(f - 1) + 1. What is the highest common factor of l and 6?
2
Let s = -11 + 13. Let h(j) = 4*j - 2. Let o be h(s). What is the highest common divisor of 30 and o?
6
Let f(w) = -w + 9. Let p be f(4). Suppose -2*o + 6 = 2. Let j be 2 - (-13)/(o/2). Calculate the greatest common factor of p and j.
5
Suppose -5*t - 4*y + 27 = -6*y, -2*t - 2*y + 22 = 0. Let a = t + 11. Calculate the highest common factor of a and 12.
6
Let i(t) = t**3 + 6*t**2 + 2*t - 4. Let f be i(-5). Suppose -3*r + 876 = r. Let c = r - 98. Calculate the highest common factor of f and c.
11
Suppose 0*a + 11*a = 726. What is the greatest common factor of 44 and a?
22
Let s = 18 - 15. Calculate the greatest common divisor of s and 12.
3
Let l = -24 + 39. Let y be (8/5)/(6/l). Calculate the greatest common factor of 4 and y.
4
Let y(x) = -x - 1 + 0 - 7*x. Let g be y(-1). Calculate the greatest common divisor of 7 and g.
7
Suppose 6 = 2*a, 2*a - a + 27 = -3*o. Let x = o + 3. Let l(j) = -3*j - 8. Let b be l(x). What is the highest common factor of b and 117?
13
Suppose -5*f + 57 + 3 = 0. Calculate the highest common factor of f and 24.
12
Let m = 5 + -8. Let o be (-32)/(-12) + 2/m. Calculate the greatest common factor of 6 and o.
2
Let x = 10 - 0. Suppose 5*p - x = 170. Suppose 3*h = 6*h - p. Calculate the highest common divisor of 84 and h.
12
Let r = -258 - -498. Suppose 0*b + 4*b - r = -4*m, -5*m + b = -270. Calculate the greatest common factor of m and 11.
11
Let w = -49 - -11. Let t = -22 - w. Calculate the highest common divisor of t and 40.
8
Suppose -s + 8 = 4. Let j(w) = w**3 + w**2 + 4. Let h be j(s). Suppose -4*x = 2*l - 3*l + 16, -l - 3*x + 9 = 0. What is the greatest common factor of h and l?
12
Suppose 0 = z - 4*f - 46, -3*f - 2*f + 100 = 4*z. Calculate the highest common factor of 30 and z.
30
Let m be ((-63)/3)/((-12)/88). Calculate the highest common divisor of m and 22.
22
Suppose 0 = -5*j - 7*j + 360. What is the greatest common divisor of 15 and j?
15
Let x be (-18)/(-4) - 2/4. Calculate the greatest common divisor of x and 6.
2
Let l = -80 - -91. What is the highest common factor of 44 and l?
11
Suppose 118 + 390 = -2*l. Let w = l + 364. Suppose -4 = c - 26. Calculate the greatest common divisor of w and c.
22
Let k = -25 - -70. Let i = 1 + 4. Calculate the greatest common factor of i and k.
5
Let y = 65 + -50. What is the highest common divisor of y and 120?
15
Let h(i) = 33*i**2 + 5*i + 6. Let v be h(6). Let a be v/16 - 1/(-2). Let s be (-13 - 1)*(-2)/4. What is the highest common divisor of s and a?
7
Let g = -34 - -122. Calculate the highest common factor of 132 and g.
44
Let k(f) = 2*f + 81. Let g be k(-32). Calculate the greatest common factor of 17 and g.
17
Let d = 91 + -87. Calculate the highest common factor of 20 and d.
4
Suppose 5*j + 0*j = 15. Suppose 24 = 4*q - 5*d, -3*q + 4*q = -4*d - 15. What is the highest common divisor of q and j?
1
Suppose -s + 21 = -0*s. Let j = -63 + 65. Suppose -s = -5*r + j*r. What is the highest common divisor of 77 and r?
7
Let b(o) = o - 8. Suppose 5*z = 2*k - 21, -2 - 3 = 5*z. Let v be b(k). Suppose -3*i - i + 288 = v. Calculate the highest common factor of 9 and i.
9
Let i be 159/33 + 6/33. Suppose 3*z + 2*z - 10 = 0, -3*z + 291 = i*h. Let t = h - -7. What is the greatest common divisor of t and 8?
8
Suppose 3*l + 73 = 5*s + 2*l, -3*s + l + 45 = 0. What is the highest common divisor of 56 and s?
14
Let b = 4 - 2. Suppose 3*a = -b*a + 30. Calculate the highest common factor of a and 42.
6
Let s(v) = -7 + 2*v + 0*v - 3*v. Let k be s(-6). Let y(z) = 4*z**2 + z. Let w be y(k). What is the highest common divisor of w and 33?
3
Suppose -z - 2*z + 6 = 0. Suppose z*d = -4*d + 276. Calculate the greatest common divisor of 69 and d.
23
Let o(b) = b**2 + 6*b + 5. Let a be o(-5). Suppose a = 2*r - 1 + 11, -3*r = 3*p - 75. Suppose 3*h - h = p. Calculate the greatest common divisor of h and 10.
5
Let i = 210 + -89. Let b = 27 + -16. What is the greatest common divisor of b and i?
11
Suppose -3*r - 2*b + 2 = 18, 0 = -3*r - 3*b - 21. Let c be 1/r*10*-11. What is the highest common factor of c and 11?
11
Let h be 1/(-2) + 4/((-24)/(-189)). What is the greatest common factor of 155 and h?
31
Let w(b) = b**3 - b**2 - 2*b. Let r be w(2). Suppose -5*y = -25 - r. Suppose j = 5*d - 195, -2*j + y = -j. Calculate the greatest common divisor of 5 and d.
5
Let q be (3/((-9)/(-6)))/((-9)/(-63)). Let j be (-326)/14 + (-4)/(-14). Let b = j - -37. Calculate the highest common divisor of q and b.
14
Let m(i) = 14*i**3 - 3*i + 2. Let s be m(2). Suppose 3*n + n - 48 = 0. What is the greatest common factor of n and s?
12
Let g = 21 + -34. Let q = g - -21. Let d be (1*8)/(1 - 0). Calculate the highest common factor of d and q.
8
Suppose -3*v + 5*v - 22 = 0. Calculate the highest common divisor of 44 and v.
11
Suppose 11*j = 2*x + 6*j - 3, -2*j + 10 = 0. What is the highest common divisor of 154 and x?
14
Suppose 0*f = -4*f + 16, 3*t - 25 = 2*f. Calculate the highest common divisor of 11 and t.
11
Let m(d) = d**2 - 2*d - 5. Let t be m(4). Suppose 3*s = -2*w + 64, -5 - 1 = t*s. What is the highest comm